{"id":51,"date":"2021-06-02T10:00:04","date_gmt":"2021-06-02T10:00:04","guid":{"rendered":"https:\/\/www.combera.com\/?page_id=51"},"modified":"2025-12-01T14:08:47","modified_gmt":"2025-12-01T13:08:47","slug":"impressum","status":"publish","type":"page","link":"https:\/\/www.combera.com\/index.php\/impressum\/","title":{"rendered":"Impressum"},"content":{"rendered":"<div class=\"wpb-content-wrapper\"><p>[vc_section full_width=&#8220;stretch_row&#8220; el_class=&#8220;background-white&#8220; css=&#8220;.vc_custom_1623420771558{padding-top: 184px !important;}&#8220;][vc_row][vc_column width=&#8220;5\/6&#8243; offset=&#8220;vc_col-lg-offset-1&#8243;]<div id=\"\" class=\"pn-headline-container \n                        align-left \n                        align-tablet-left \n                        align-mobile-left \n                        size-h0 \n                        color-blue  \n                        margin-medium\n                        text-transform-uppercase\n                        font-weight-extrabold \n                        mobile-font-h3\">\n                            \n                <h1 class=\"inner-headline pn-headline\">Impressum<\/h1>\n            <\/div>[\/vc_column][\/vc_row][vc_row][vc_column width=&#8220;5\/6&#8243; offset=&#8220;vc_col-lg-offset-1&#8243;][vc_column_text el_class=&#8220;text-extrasmall&#8220;]Angaben gem\u00e4\u00df \u00a7 5 TMG<br \/>\nCOMBERA GmbH<br \/>\nChiemgaustra\u00dfe 148<br \/>\n81549 M\u00fcnchen<\/p>\n<p>&nbsp;<\/p>\n<p>Vertreten durch: Max Chambers<\/p>\n<p>Kontakt:<\/p>\n<p>Telefon: <a href=\"tel:+4989551070\">+49 89 551070<\/a><br \/>\nE-Mail: <a href=\"mailto:info@combera.com\">info@combera.com<\/a><br \/>\nInternetadresse: <a href=\"http:\/\/www.combera.com\">www.combera.com<\/a><br \/>\nRegistereintrag: Eintragung im Handelsregister<br \/>\nRegisternummer: HRB 193435<br \/>\nRegistergericht: M\u00fcnchen<br \/>\nUmsatzsteuer-Identifikationsnummer gem\u00e4\u00df \u00a7 27 a Umsatzsteuergesetz: DE 279064822<br \/>\nVerantwortlich f\u00fcr den Inhalt nach \u00a7 55 Abs. 2 RStV:<br \/>\nMax Chambers, Chiemgaustra\u00dfe 148, 81549 M\u00fcnchen[\/vc_column_text][\/vc_column][\/vc_row][\/vc_section]<\/p>\n<\/div>","protected":false},"excerpt":{"rendered":"<p>[vc_section full_width=&#8220;stretch_row&#8220; el_class=&#8220;background-white&#8220; css=&#8220;.vc_custom_1623420771558{padding-top: 184px !important;}&#8220;][vc_row][vc_column width=&#8220;5\/6&#8243; offset=&#8220;vc_col-lg-offset-1&#8243;][\/vc_column][\/vc_row][vc_row][vc_column width=&#8220;5\/6&#8243; offset=&#8220;vc_col-lg-offset-1&#8243;][vc_column_text el_class=&#8220;text-extrasmall&#8220;]Angaben gem\u00e4\u00df \u00a7 5 TMG COMBERA GmbH Chiemgaustra\u00dfe 148 81549 M\u00fcnchen &nbsp; Vertreten durch: Max Chambers Kontakt: Telefon: +49 89 551070 E-Mail: info@combera.com Internetadresse: www.combera.com Registereintrag: Eintragung im Handelsregister Registernummer: HRB 193435 Registergericht: M\u00fcnchen Umsatzsteuer-Identifikationsnummer gem\u00e4\u00df \u00a7 27 a Umsatzsteuergesetz: DE 279064822 Verantwortlich f\u00fcr den [&hellip;]<\/p>\n","protected":false},"author":3,"featured_media":0,"parent":0,"menu_order":150,"comment_status":"closed","ping_status":"closed","template":"page-white-background.php","meta":{"_acf_changed":false,"footnotes":""},"class_list":["post-51","page","type-page","status-publish","hentry"],"acf":[],"yoast_head":"<!-- This site is optimized with the Yoast SEO plugin v27.5 - https:\/\/yoast.com\/product\/yoast-seo-wordpress\/ -->\r\n<title>Impressum | COMBERA<\/title>\r\n<meta name=\"description\" content=\"Impressum l COMBERA GmbH l Chiemgaustra\u00dfe 148 l 81549 M\u00fcnchen l Seit 1976 operiert die M\u00fcnchener COMBERA GmbH am deutschen Markt.\" \/>\r\n<meta name=\"robots\" content=\"index, follow, max-snippet:-1, max-image-preview:large, max-video-preview:-1\" \/>\r\n<link rel=\"canonical\" href=\"https:\/\/www.combera.com\/index.php\/impressum\/\" \/>\r\n<meta property=\"og:locale\" content=\"de_DE\" \/>\r\n<meta property=\"og:type\" content=\"article\" \/>\r\n<meta property=\"og:title\" content=\"Impressum l COMBERA GmbH\" \/>\r\n<meta property=\"og:description\" content=\"Impressum l COMBERA GmbH l Chiemgaustra\u00dfe 148 l 81549 M\u00fcnchen l Seit 1976 operiert die M\u00fcnchener COMBERA GmbH am deutschen Markt.\" \/>\r\n<meta property=\"og:url\" content=\"https:\/\/www.combera.com\/index.php\/impressum\/\" \/>\r\n<meta property=\"og:site_name\" content=\"COMBERA\" \/>\r\n<meta property=\"article:publisher\" content=\"https:\/\/www.facebook.com\/COMBERAGmbH\" \/>\r\n<meta property=\"article:modified_time\" content=\"2025-12-01T13:08:47+00:00\" \/>\r\n<meta property=\"og:image\" content=\"https:\/\/www.combera.com\/wp-content\/uploads\/2022\/12\/COMBERA-GmbH-scaled-e1756464727813.jpg\" \/>\r\n\t<meta property=\"og:image:width\" content=\"2560\" \/>\r\n\t<meta property=\"og:image:height\" content=\"719\" \/>\r\n\t<meta property=\"og:image:type\" content=\"image\/jpeg\" \/>\r\n<meta name=\"twitter:card\" content=\"summary_large_image\" \/>\r\n<meta name=\"twitter:title\" content=\"Impressum l COMBERA GmbH\" \/>\r\n<meta name=\"twitter:description\" content=\"Impressum l COMBERA GmbH l Chiemgaustra\u00dfe 148 l 81549 M\u00fcnchen l Seit 1976 operiert die M\u00fcnchener COMBERA GmbH am deutschen Markt.\" \/>\r\n<meta name=\"twitter:image\" content=\"https:\/\/www.combera.com\/wp-content\/uploads\/2022\/12\/COMBERA-GmbH-scaled-e1756464727813.jpg\" \/>\r\n<meta name=\"twitter:site\" content=\"@comberagmbh\" \/>\r\n<meta name=\"twitter:label1\" content=\"Gesch\u00e4tzte Lesezeit\" \/>\n\t<meta name=\"twitter:data1\" content=\"2\u00a0Minuten\" \/>\r\n<script type=\"application\/ld+json\" class=\"yoast-schema-graph\">{\"@context\":\"https:\\\/\\\/schema.org\",\"@graph\":[{\"@type\":\"WebPage\",\"@id\":\"https:\\\/\\\/www.combera.com\\\/index.php\\\/impressum\\\/\",\"url\":\"https:\\\/\\\/www.combera.com\\\/index.php\\\/impressum\\\/\",\"name\":\"Impressum | COMBERA\",\"isPartOf\":{\"@id\":\"https:\\\/\\\/www.combera.com\\\/#website\"},\"datePublished\":\"2021-06-02T10:00:04+00:00\",\"dateModified\":\"2025-12-01T13:08:47+00:00\",\"description\":\"Impressum l COMBERA GmbH l Chiemgaustra\u00dfe 148 l 81549 M\u00fcnchen l Seit 1976 operiert die M\u00fcnchener COMBERA GmbH am deutschen Markt.\",\"breadcrumb\":{\"@id\":\"https:\\\/\\\/www.combera.com\\\/index.php\\\/impressum\\\/#breadcrumb\"},\"inLanguage\":\"de\",\"potentialAction\":[{\"@type\":\"ReadAction\",\"target\":[\"https:\\\/\\\/www.combera.com\\\/index.php\\\/impressum\\\/\"]}]},{\"@type\":\"BreadcrumbList\",\"@id\":\"https:\\\/\\\/www.combera.com\\\/index.php\\\/impressum\\\/#breadcrumb\",\"itemListElement\":[{\"@type\":\"ListItem\",\"position\":1,\"name\":\"Startseite\",\"item\":\"https:\\\/\\\/www.combera.com\\\/\"},{\"@type\":\"ListItem\",\"position\":2,\"name\":\"Impressum\"}]},{\"@type\":\"WebSite\",\"@id\":\"https:\\\/\\\/www.combera.com\\\/#website\",\"url\":\"https:\\\/\\\/www.combera.com\\\/\",\"name\":\"COMBERA\",\"description\":\"Full-Service-Agentur im POS Marketing, POS Intelligence und POS Sales\",\"publisher\":{\"@id\":\"https:\\\/\\\/www.combera.com\\\/#organization\"},\"potentialAction\":[{\"@type\":\"SearchAction\",\"target\":{\"@type\":\"EntryPoint\",\"urlTemplate\":\"https:\\\/\\\/www.combera.com\\\/?s={search_term_string}\"},\"query-input\":{\"@type\":\"PropertyValueSpecification\",\"valueRequired\":true,\"valueName\":\"search_term_string\"}}],\"inLanguage\":\"de\"},{\"@type\":\"Organization\",\"@id\":\"https:\\\/\\\/www.combera.com\\\/#organization\",\"name\":\"COMBERA GmbH\",\"url\":\"https:\\\/\\\/www.combera.com\\\/\",\"logo\":{\"@type\":\"ImageObject\",\"inLanguage\":\"de\",\"@id\":\"https:\\\/\\\/www.combera.com\\\/#\\\/schema\\\/logo\\\/image\\\/\",\"url\":\"https:\\\/\\\/www.combera.com\\\/wp-content\\\/uploads\\\/2022\\\/12\\\/COMBERA-GmbH-scaled.jpg\",\"contentUrl\":\"https:\\\/\\\/www.combera.com\\\/wp-content\\\/uploads\\\/2022\\\/12\\\/COMBERA-GmbH-scaled.jpg\",\"width\":2560,\"height\":626,\"caption\":\"COMBERA GmbH\"},\"image\":{\"@id\":\"https:\\\/\\\/www.combera.com\\\/#\\\/schema\\\/logo\\\/image\\\/\"},\"sameAs\":[\"https:\\\/\\\/www.facebook.com\\\/COMBERAGmbH\",\"https:\\\/\\\/x.com\\\/comberagmbh\",\"https:\\\/\\\/www.instagram.com\\\/combera.gmbh\\\/\",\"https:\\\/\\\/www.linkedin.com\\\/company\\\/combera-gmbh\\\/\",\"https:\\\/\\\/www.youtube.com\\\/user\\\/COMBERAcom\"]}]}<\/script>\r\n<!-- \/ Yoast SEO plugin. -->","yoast_head_json":{"title":"Impressum | COMBERA","description":"Impressum l COMBERA GmbH l Chiemgaustra\u00dfe 148 l 81549 M\u00fcnchen l Seit 1976 operiert die M\u00fcnchener COMBERA GmbH am deutschen Markt.","robots":{"index":"index","follow":"follow","max-snippet":"max-snippet:-1","max-image-preview":"max-image-preview:large","max-video-preview":"max-video-preview:-1"},"canonical":"https:\/\/www.combera.com\/index.php\/impressum\/","og_locale":"de_DE","og_type":"article","og_title":"Impressum l COMBERA GmbH","og_description":"Impressum l COMBERA GmbH l Chiemgaustra\u00dfe 148 l 81549 M\u00fcnchen l Seit 1976 operiert die M\u00fcnchener COMBERA GmbH am deutschen Markt.","og_url":"https:\/\/www.combera.com\/index.php\/impressum\/","og_site_name":"COMBERA","article_publisher":"https:\/\/www.facebook.com\/COMBERAGmbH","article_modified_time":"2025-12-01T13:08:47+00:00","og_image":[{"width":2560,"height":719,"url":"https:\/\/www.combera.com\/wp-content\/uploads\/2022\/12\/COMBERA-GmbH-scaled-e1756464727813.jpg","type":"image\/jpeg"}],"twitter_card":"summary_large_image","twitter_title":"Impressum l COMBERA GmbH","twitter_description":"Impressum l COMBERA GmbH l Chiemgaustra\u00dfe 148 l 81549 M\u00fcnchen l Seit 1976 operiert die M\u00fcnchener COMBERA GmbH am deutschen Markt.","twitter_image":"https:\/\/www.combera.com\/wp-content\/uploads\/2022\/12\/COMBERA-GmbH-scaled-e1756464727813.jpg","twitter_site":"@comberagmbh","twitter_misc":{"Gesch\u00e4tzte Lesezeit":"2\u00a0Minuten"},"schema":{"@context":"https:\/\/schema.org","@graph":[{"@type":"WebPage","@id":"https:\/\/www.combera.com\/index.php\/impressum\/","url":"https:\/\/www.combera.com\/index.php\/impressum\/","name":"Impressum | COMBERA","isPartOf":{"@id":"https:\/\/www.combera.com\/#website"},"datePublished":"2021-06-02T10:00:04+00:00","dateModified":"2025-12-01T13:08:47+00:00","description":"Impressum l COMBERA GmbH l Chiemgaustra\u00dfe 148 l 81549 M\u00fcnchen l Seit 1976 operiert die M\u00fcnchener COMBERA GmbH am deutschen Markt.","breadcrumb":{"@id":"https:\/\/www.combera.com\/index.php\/impressum\/#breadcrumb"},"inLanguage":"de","potentialAction":[{"@type":"ReadAction","target":["https:\/\/www.combera.com\/index.php\/impressum\/"]}]},{"@type":"BreadcrumbList","@id":"https:\/\/www.combera.com\/index.php\/impressum\/#breadcrumb","itemListElement":[{"@type":"ListItem","position":1,"name":"Startseite","item":"https:\/\/www.combera.com\/"},{"@type":"ListItem","position":2,"name":"Impressum"}]},{"@type":"WebSite","@id":"https:\/\/www.combera.com\/#website","url":"https:\/\/www.combera.com\/","name":"COMBERA","description":"Full-Service-Agentur im POS Marketing, POS Intelligence und POS Sales","publisher":{"@id":"https:\/\/www.combera.com\/#organization"},"potentialAction":[{"@type":"SearchAction","target":{"@type":"EntryPoint","urlTemplate":"https:\/\/www.combera.com\/?s={search_term_string}"},"query-input":{"@type":"PropertyValueSpecification","valueRequired":true,"valueName":"search_term_string"}}],"inLanguage":"de"},{"@type":"Organization","@id":"https:\/\/www.combera.com\/#organization","name":"COMBERA GmbH","url":"https:\/\/www.combera.com\/","logo":{"@type":"ImageObject","inLanguage":"de","@id":"https:\/\/www.combera.com\/#\/schema\/logo\/image\/","url":"https:\/\/www.combera.com\/wp-content\/uploads\/2022\/12\/COMBERA-GmbH-scaled.jpg","contentUrl":"https:\/\/www.combera.com\/wp-content\/uploads\/2022\/12\/COMBERA-GmbH-scaled.jpg","width":2560,"height":626,"caption":"COMBERA GmbH"},"image":{"@id":"https:\/\/www.combera.com\/#\/schema\/logo\/image\/"},"sameAs":["https:\/\/www.facebook.com\/COMBERAGmbH","https:\/\/x.com\/comberagmbh","https:\/\/www.instagram.com\/combera.gmbh\/","https:\/\/www.linkedin.com\/company\/combera-gmbh\/","https:\/\/www.youtube.com\/user\/COMBERAcom"]}]}},"_links":{"self":[{"href":"https:\/\/www.combera.com\/index.php\/wp-json\/wp\/v2\/pages\/51","targetHints":{"allow":["GET"]}}],"collection":[{"href":"https:\/\/www.combera.com\/index.php\/wp-json\/wp\/v2\/pages"}],"about":[{"href":"https:\/\/www.combera.com\/index.php\/wp-json\/wp\/v2\/types\/page"}],"author":[{"embeddable":true,"href":"https:\/\/www.combera.com\/index.php\/wp-json\/wp\/v2\/users\/3"}],"replies":[{"embeddable":true,"href":"https:\/\/www.combera.com\/index.php\/wp-json\/wp\/v2\/comments?post=51"}],"version-history":[{"count":20,"href":"https:\/\/www.combera.com\/index.php\/wp-json\/wp\/v2\/pages\/51\/revisions"}],"predecessor-version":[{"id":23704,"href":"https:\/\/www.combera.com\/index.php\/wp-json\/wp\/v2\/pages\/51\/revisions\/23704"}],"wp:attachment":[{"href":"https:\/\/www.combera.com\/index.php\/wp-json\/wp\/v2\/media?parent=51"}],"curies":[{"name":"wp","href":"https:\/\/api.w.org\/{rel}","templated":true}]}}